{"id":50541,"date":"2025-01-02T17:53:40","date_gmt":"2025-01-02T16:53:40","guid":{"rendered":"https:\/\/cparici.com\/?post_type=listing&#038;p=50541"},"modified":"2026-02-26T10:24:33","modified_gmt":"2026-02-26T09:24:33","slug":"villa-lucas-2-7-piscine-spa","status":"publish","type":"listing","link":"https:\/\/cparici.com\/fr\/annonce\/villa-lucas-2-7-piscine-spa\/","title":{"rendered":"Villa Lucas 2-7 Piscine-spa, Meschers sur Gironde"},"content":{"rendered":"<p data-start=\"201\" data-end=\"439\">Bienvenue \u00e0 <strong data-start=\"244\" data-end=\"259\">Villa Lucas<\/strong>, votre havre de tranquillit\u00e9 \u00e0 <strong data-start=\"291\" data-end=\"315\">Meschers sur Gironde<\/strong> \u2014 chic, moderne et pens\u00e9 pour des vacances inoubliables au c\u0153ur de la C\u00f4te de Beaut\u00e9.<\/p>\n<p data-start=\"446\" data-end=\"698\">\ud83c\udf1e <strong data-start=\"449\" data-end=\"482\">Un lieu d\u2019exception<\/strong><br data-start=\"482\" data-end=\"485\">Maison de style <em data-start=\"501\" data-end=\"507\">loft<\/em> spacieuse et lumineuse, id\u00e9ale pour <strong data-start=\"544\" data-end=\"563\">4 \u00e0 7 personnes<\/strong>, avec jardin privatif et ambiance conviviale pour des moments partag\u00e9s en famille ou entre amis.<\/p>\n<p data-start=\"705\" data-end=\"937\">\ud83d\udca6<strong data-start=\"708\" data-end=\"739\">Piscine & d\u00e9tente<\/strong><br data-start=\"739\" data-end=\"742\">Profitez de votre <strong data-start=\"760\" data-end=\"784\">piscine-spa chauff\u00e9e<\/strong> avec nage \u00e0 contre-courant et jets massants \u2014 une pause bien-\u00eatre rien que pour vous apr\u00e8s une journ\u00e9e \u00e0 la plage.<\/p>\n<p data-start=\"944\" data-end=\"1240\">\ud83c\udfd6\ufe0f<strong data-start=\"948\" data-end=\"981\">\u00a0Emplacement parfait<\/strong><br data-start=\"981\" data-end=\"984\">\u00c0 seulement <strong data-start=\"996\" data-end=\"1028\">900 m de la plage des Nonnes<\/strong> et \u00e0 deux pas des commerces et restaurants du village, Villa Lucas offre le meilleur de Meschers-sur-Gironde avec ses falaises, plages et grottes troglodytiques \u00e0 d\u00e9couvrir.<\/p>\n<p data-start=\"1247\" data-end=\"1487\">\ud83c\udf77 <strong data-start=\"1250\" data-end=\"1286\">Confort & convivialit\u00e9<\/strong><br data-start=\"1286\" data-end=\"1289\">Quatre chambres accueillantes, deux salles de bain, cuisine \u00e9quip\u00e9e, salon avec billard et tout le confort moderne pour des vacances sereines et sans compromis.<\/p>\n<p data-start=\"1494\" data-end=\"1728\">\u2600\ufe0f <strong data-start=\"1497\" data-end=\"1532\">Vacances d\u2019\u00e9t\u00e9 r\u00eav\u00e9es<\/strong><br data-start=\"1532\" data-end=\"1535\">\u2728 <strong data-start=\"1537\" data-end=\"1577\">Juillet & ao\u00fbt se remplissent vite !<\/strong> \u2728<br data-start=\"1579\" data-end=\"1582\">Offrez-vous une retraite baln\u00e9aire chic entre mer, d\u00e9tente et explorations locales \u2014 r\u00e9servez d\u00e8s maintenant pour garantir vos dates estivales. \ud83d\udcc5<\/p>\n<p data-start=\"1730\" data-end=\"1904\">\ud83d\udc49 <em data-start=\"1733\" data-end=\"1866\">R\u00e9servez votre s\u00e9jour directement via notre site pour b\u00e9n\u00e9ficier des meilleurs tarifs et pr\u00e9parer des souvenirs d\u2019\u00e9t\u00e9 inoubliables.<\/em><\/p>\n","protected":false},"author":93,"featured_media":0,"comment_status":"open","ping_status":"closed","template":"","meta":{"ngg_post_thumbnail":0},"listing_category":[1661],"event_category":[],"service_category":[],"rental_category":[1716],"classifieds_category":[],"listing_feature":[1607,1645,1922,1621,1867,1858,1862,1627,1613,1631,1617,1860,1640],"region":[2439,2059,2913,2914,2916,2089,2438,2440,2912,2911,2910],"class_list":["post-50541","listing","type-listing","status-publish","hentry","listing_category-hebergements","rental_category-villa-avec-piscine-ou-spa","listing_feature-adapte-aux-enfants","listing_feature-cafetiere-nespresso","listing_feature-chaises-hautes-enfants-disponibles","listing_feature-four","listing_feature-lave-linge","listing_feature-lave-vaisselle","listing_feature-micro-ondes","listing_feature-non-fumeur","listing_feature-parking-gratuit","listing_feature-piscine","listing_feature-plage-a-proximite","listing_feature-seche-linge","listing_feature-wifi","region-meschers-sur-gironde","region-charente-maritime-fr","region-la-palmyre","region-marennes","region-mornac-sur-seudre","region-nouvelle-aquitaine-fr","region-royan","region-saint-georges-de-didonne","region-saint-palais-sur-mer","region-talmont-sur-gironde","region-vaux-sur-mer"],"_links":{"self":[{"href":"https:\/\/cparici.com\/fr\/wp-json\/wp\/v2\/listing\/50541","targetHints":{"allow":["GET"]}}],"collection":[{"href":"https:\/\/cparici.com\/fr\/wp-json\/wp\/v2\/listing"}],"about":[{"href":"https:\/\/cparici.com\/fr\/wp-json\/wp\/v2\/types\/listing"}],"author":[{"embeddable":true,"href":"https:\/\/cparici.com\/fr\/wp-json\/wp\/v2\/users\/93"}],"replies":[{"embeddable":true,"href":"https:\/\/cparici.com\/fr\/wp-json\/wp\/v2\/comments?post=50541"}],"version-history":[{"count":1,"href":"https:\/\/cparici.com\/fr\/wp-json\/wp\/v2\/listing\/50541\/revisions"}],"predecessor-version":[{"id":82131,"href":"https:\/\/cparici.com\/fr\/wp-json\/wp\/v2\/listing\/50541\/revisions\/82131"}],"wp:attachment":[{"href":"https:\/\/cparici.com\/fr\/wp-json\/wp\/v2\/media?parent=50541"}],"wp:term":[{"taxonomy":"listing_category","embeddable":true,"href":"https:\/\/cparici.com\/fr\/wp-json\/wp\/v2\/listing_category?post=50541"},{"taxonomy":"event_category","embeddable":true,"href":"https:\/\/cparici.com\/fr\/wp-json\/wp\/v2\/event_category?post=50541"},{"taxonomy":"service_category","embeddable":true,"href":"https:\/\/cparici.com\/fr\/wp-json\/wp\/v2\/service_category?post=50541"},{"taxonomy":"rental_category","embeddable":true,"href":"https:\/\/cparici.com\/fr\/wp-json\/wp\/v2\/rental_category?post=50541"},{"taxonomy":"classifieds_category","embeddable":true,"href":"https:\/\/cparici.com\/fr\/wp-json\/wp\/v2\/classifieds_category?post=50541"},{"taxonomy":"listing_feature","embeddable":true,"href":"https:\/\/cparici.com\/fr\/wp-json\/wp\/v2\/listing_feature?post=50541"},{"taxonomy":"region","embeddable":true,"href":"https:\/\/cparici.com\/fr\/wp-json\/wp\/v2\/region?post=50541"}],"curies":[{"name":"wp","href":"https:\/\/api.w.org\/{rel}","templated":true}]}}

<p data-start="201" data-end="439">Bienvenue à <strong data-start="244" data-end="259">Villa Lucas</strong>, votre havre de tranquillité à <strong data-start="291" data-end="315">Meschers sur Gironde</strong> — chic, moderne et pensé pour des vacances inoubliables au cœur de la Côte de Beauté.</p>
<p data-start="446" data-end="698">🌞 <strong data-start="449" data-end="482">Un lieu d’exception</strong><br data-start="482" data-end="485">Maison de style <em data-start="501" data-end="507">loft</em> spacieuse et lumineuse, idéale pour <strong data-start="544" data-end="563">4 à 7 personnes</strong>, avec jardin privatif et ambiance conviviale pour des moments partagés en famille ou entre amis.</p>
<p data-start="705" data-end="937">💦<strong data-start="708" data-end="739">Piscine & détente</strong><br data-start="739" data-end="742">Profitez de votre <strong data-start="760" data-end="784">piscine-spa chauffée</strong> avec nage à contre-courant et jets massants — une pause bien-être rien que pour vous après une journée à la plage.</p>
<p data-start="944" data-end="1240">🏖️<strong data-start="948" data-end="981"> Emplacement parfait</strong><br data-start="981" data-end="984">À seulement <strong data-start="996" data-end="1028">900 m de la plage des Nonnes</strong> et à deux pas des commerces et restaurants du village, Villa Lucas offre le meilleur de Meschers-sur-Gironde avec ses falaises, plages et grottes troglodytiques à découvrir.</p>
<p data-start="1247" data-end="1487">🍷 <strong data-start="1250" data-end="1286">Confort & convivialité</strong><br data-start="1286" data-end="1289">Quatre chambres accueillantes, deux salles de bain, cuisine équipée, salon avec billard et tout le confort moderne pour des vacances sereines et sans compromis.</p>
<p data-start="1494" data-end="1728">☀️ <strong data-start="1497" data-end="1532">Vacances d’été rêvées</strong><br data-start="1532" data-end="1535">✨ <strong data-start="1537" data-end="1577">Juillet & août se remplissent vite !</strong> ✨<br data-start="1579" data-end="1582">Offrez-vous une retraite balnéaire chic entre mer, détente et explorations locales — réservez dès maintenant pour garantir vos dates estivales. 📅</p>
<p data-start="1730" data-end="1904">👉 <em data-start="1733" data-end="1866">Réservez votre séjour directement via notre site pour bénéficier des meilleurs tarifs et préparer des souvenirs d’été inoubliables.</em></p>
