{"id":68471,"date":"2025-07-26T18:17:30","date_gmt":"2025-07-26T16:17:30","guid":{"rendered":"https:\/\/cparici.com\/fr\/?post_type=listing&#038;p=68471"},"modified":"2026-02-19T20:11:20","modified_gmt":"2026-02-19T19:11:20","slug":"rozcapades-balades-en-2cv-avec-chauffeur","status":"publish","type":"listing","link":"https:\/\/cparici.com\/fr\/annonce\/rozcapades-balades-en-2cv-avec-chauffeur\/","title":{"rendered":"Roz&#8217;capades | Balades en 2CV avec chauffeur"},"content":{"rendered":"<p>Roz&#8217;capades vous propose de d\u00e9couvrir la C\u00f4te de Granit Rose (balade d\u00e9couverte de 2H00, aux alentours de Perros-Guirec) et la C\u00f4te d&#8217;Ajoncs (balade comment\u00e9e de 3H00, aux alentours de Tr\u00e9guier) de fa\u00e7on unique et originale, \u00e0 bord d&#8217;une 2CV (Simone, 2CV6 Sp\u00e9cial, Bleu des Tropiques, 1983).<\/p>\n<p>Des options peuvent \u00eatre ajout\u00e9es aux balades :<\/p>\n<p>\u2022 D\u00e9gustation de cr\u00eapes fra\u00eeches et de cidre fermier local<\/p>\n<p>\u2022 Prise de photos &#8220;vintage&#8221; avec un appareil photo instantan\u00e9<\/p>\n<p>Une fa\u00e7on unique de d\u00e9couvrir les paysages magnifiques de cette c\u00f4te bretonne unique, avec son patrimoine remarquable.<\/p>\n<p>A coup s\u00fbr, vous vous en souviendrez longtemps !<\/p>\n<p>Simone vous souhaite d&#8217;ores-et-d\u00e9j\u00e0 la bienvenue \u00e0 bord !<\/p>\n","protected":false},"author":238,"featured_media":68564,"comment_status":"open","ping_status":"closed","template":"","meta":{"ngg_post_thumbnail":0},"listing_category":[1655],"event_category":[],"service_category":[2385],"rental_category":[],"classifieds_category":[],"listing_feature":[1914,1627,1948,1940],"region":[1741,2745,2205,2746,2966,2965,2747,2963],"class_list":["post-68471","listing","type-listing","status-publish","has-post-thumbnail","hentry","listing_category-visite-decouverte-patrimoine","service_category-musee-site-visite-guidee","listing_feature-cb-acceptees","listing_feature-non-fumeur","listing_feature-reservation-possible","listing_feature-visite-guide-francais","region-bretagne","region-cote-de-granit-rose","region-cotes-darmor-fr","region-perros-guirec","region-ploumanach","region-tregastel","region-trelevern","region-trestel"],"_links":{"self":[{"href":"https:\/\/cparici.com\/fr\/wp-json\/wp\/v2\/listing\/68471","targetHints":{"allow":["GET"]}}],"collection":[{"href":"https:\/\/cparici.com\/fr\/wp-json\/wp\/v2\/listing"}],"about":[{"href":"https:\/\/cparici.com\/fr\/wp-json\/wp\/v2\/types\/listing"}],"author":[{"embeddable":true,"href":"https:\/\/cparici.com\/fr\/wp-json\/wp\/v2\/users\/238"}],"replies":[{"embeddable":true,"href":"https:\/\/cparici.com\/fr\/wp-json\/wp\/v2\/comments?post=68471"}],"version-history":[{"count":0,"href":"https:\/\/cparici.com\/fr\/wp-json\/wp\/v2\/listing\/68471\/revisions"}],"wp:featuredmedia":[{"embeddable":true,"href":"https:\/\/cparici.com\/fr\/wp-json\/wp\/v2\/media\/68564"}],"wp:attachment":[{"href":"https:\/\/cparici.com\/fr\/wp-json\/wp\/v2\/media?parent=68471"}],"wp:term":[{"taxonomy":"listing_category","embeddable":true,"href":"https:\/\/cparici.com\/fr\/wp-json\/wp\/v2\/listing_category?post=68471"},{"taxonomy":"event_category","embeddable":true,"href":"https:\/\/cparici.com\/fr\/wp-json\/wp\/v2\/event_category?post=68471"},{"taxonomy":"service_category","embeddable":true,"href":"https:\/\/cparici.com\/fr\/wp-json\/wp\/v2\/service_category?post=68471"},{"taxonomy":"rental_category","embeddable":true,"href":"https:\/\/cparici.com\/fr\/wp-json\/wp\/v2\/rental_category?post=68471"},{"taxonomy":"classifieds_category","embeddable":true,"href":"https:\/\/cparici.com\/fr\/wp-json\/wp\/v2\/classifieds_category?post=68471"},{"taxonomy":"listing_feature","embeddable":true,"href":"https:\/\/cparici.com\/fr\/wp-json\/wp\/v2\/listing_feature?post=68471"},{"taxonomy":"region","embeddable":true,"href":"https:\/\/cparici.com\/fr\/wp-json\/wp\/v2\/region?post=68471"}],"curies":[{"name":"wp","href":"https:\/\/api.w.org\/{rel}","templated":true}]}}

<p>Roz&#8217;capades vous propose de découvrir la Côte de Granit Rose (balade découverte de 2H00, aux alentours de Perros-Guirec) et la Côte d&#8217;Ajoncs (balade commentée de 3H00, aux alentours de Tréguier) de façon unique et originale, à bord d&#8217;une 2CV (Simone, 2CV6 Spécial, Bleu des Tropiques, 1983).</p>
<p>Des options peuvent être ajoutées aux balades :</p>
<p>• Dégustation de crêpes fraîches et de cidre fermier local</p>
<p>• Prise de photos &#8220;vintage&#8221; avec un appareil photo instantané</p>
<p>Une façon unique de découvrir les paysages magnifiques de cette côte bretonne unique, avec son patrimoine remarquable.</p>
<p>A coup sûr, vous vous en souviendrez longtemps !</p>
<p>Simone vous souhaite d&#8217;ores-et-déjà la bienvenue à bord !</p>
