{"id":75062,"date":"2026-01-12T18:37:16","date_gmt":"2026-01-12T17:37:16","guid":{"rendered":"https:\/\/cparici.com\/fr\/?post_type=listing&#038;p=75062"},"modified":"2026-03-10T20:25:14","modified_gmt":"2026-03-10T19:25:14","slug":"ty-kerzont-gite-de-charme-entre-mer-et-campagne-a-15-minutes-de-perros-guirec","status":"publish","type":"listing","link":"https:\/\/cparici.com\/fr\/annonce\/ty-kerzont-gite-de-charme-entre-mer-et-campagne-a-15-minutes-de-perros-guirec\/","title":{"rendered":"TY KERZONT , g\u00eete de charme , entre mer et campagne, \u00e0 15 minutes de Perros-Guirec"},"content":{"rendered":"<p>Amoureux de la nature, venez poser l\u2019ancre \u00e0 <strong>Kerzont<\/strong>, un lieu qui conjugue harmonie et s\u00e9r\u00e9nit\u00e9.<\/p>\n<p>Id\u00e9alement situ\u00e9e \u00e0 proximit\u00e9 de <strong>Perros-Guirec<\/strong> et \u00e0 10 kilom\u00e8tres de la <strong>grande plage de Trestel<\/strong>, notre propri\u00e9t\u00e9, nich\u00e9e dans un th\u00e9\u00e2tre de verdure, accueille diff\u00e9rents h\u00e9bergements, dont : <strong>Ty Kerzont<\/strong>, g\u00eete spacieux et lumineux.<\/p>\n<p>Le rez-de-chauss\u00e9e se d\u00e9cline en une grande pi\u00e8ce de vie avec cuisine am\u00e9nag\u00e9e, s\u00e9jour, salon. \u00c0 l\u2019\u00e9tage, vous trouverez un coin d\u00e9tente avec canap\u00e9 et 2 chambres :<\/p>\n<ol>\n<li><em>\u00a0avec lit de 160 <\/em><\/li>\n<li><em>avec 3 lits individuels, dont deux peuvent \u00eatre rassembl\u00e9s pour former un lit double<\/em><\/li>\n<\/ol>\n<p>Pour des vacances en famille ou avec les amis, ce g\u00eete labellis\u00e9 <strong>3 cl\u00e9s Cl\u00e9vacances, capacit\u00e9\u00a0 5 personnes, offre ces atouts<\/strong>:<\/p>\n<ul>\n<li>\u00a0deux salles de bain<\/li>\n<li>une belle terrasse expos\u00e9e plein sud avec barbecue<\/li>\n<li>un vaste jardin et des cabanes- tonneaux , ouvertes l\u2019\u00e9t\u00e9, offrant un refuge insolite pour les enfants<\/li>\n<li>un espace salon de lecture , situ\u00e9 dans une annexe\u00a0 , offrant de belles escapades litt\u00e9raires . Jeux de soci\u00e9t\u00e9 \u00e0 disposition.<\/li>\n<li>un parking<\/li>\n<\/ul>\n<p><strong>compl\u00e9t\u00e9s de ces services<\/strong> :<br \/>\n\u2013 R\u00e9ception de votre commande de produits fermiers \u00e0 l\u2019arriv\u00e9e (<em>option disponible pour les s\u00e9jours d\u2019une semaine, arriv\u00e9e le samedi<\/em>).<br \/>\n\u2013 Livraison de v\u00e9los via Les V\u00e9los de la Baie (<em>frais de livraison : 40 \u20ac<\/em>)<br \/>\n\u2013 Massage \u00e0 domicile<\/p>\n<p>Diff\u00e9rents sites seront source d\u2019enchantement\u00a0 \u00a0: les magn\u00e9tiques rochers, des sculptures en plein air, jalonnant la c\u00f4te de granit rose (de Perros-Guirec \u00e0 Tr\u00e9beurden), Ile de Br\u00e9hat, les Sept Iles, \u2026.<\/p>\n<p>Des moments d\u2019\u00e9merveillement \u00e0 chaque regard pos\u00e9 sur cette nature majestueuse. Un large \u00e9ventail d\u2019activit\u00e9s pour petits et grands, vous invite \u00e0 profiter pleinement de la r\u00e9gion : randonn\u00e9es c\u00f4ti\u00e8res , balades \u00e0 v\u00e9lo \u2026 Pour les fins gourmets, de belles adresses de cr\u00eaperies, restaurants de cuisine traditionnelle ou restaurants \u00e9toil\u00e9s, sauront ravir vos papilles.<\/p>\n","protected":false},"author":479,"featured_media":75056,"comment_status":"open","ping_status":"closed","template":"","meta":{"ngg_post_thumbnail":0},"listing_category":[1661],"event_category":[],"service_category":[],"rental_category":[1714],"classifieds_category":[],"listing_feature":[1607,1645,1914,1922,1621,1867,1858,1862,1627,1613,1617,1860,1640],"region":[1741,2968,2205,2746,2966,2965,2963],"class_list":["post-75062","listing","type-listing","status-publish","has-post-thumbnail","hentry","listing_category-hebergements","rental_category-maison-de-vacances","listing_feature-adapte-aux-enfants","listing_feature-cafetiere-nespresso","listing_feature-cb-acceptees","listing_feature-chaises-hautes-enfants-disponibles","listing_feature-four","listing_feature-lave-linge","listing_feature-lave-vaisselle","listing_feature-micro-ondes","listing_feature-non-fumeur","listing_feature-parking-gratuit","listing_feature-plage-a-proximite","listing_feature-seche-linge","listing_feature-wifi","region-bretagne","region-coatreven-cotes-darmor-fr","region-cotes-darmor-fr","region-perros-guirec","region-ploumanach","region-tregastel","region-trestel"],"_links":{"self":[{"href":"https:\/\/cparici.com\/fr\/wp-json\/wp\/v2\/listing\/75062","targetHints":{"allow":["GET"]}}],"collection":[{"href":"https:\/\/cparici.com\/fr\/wp-json\/wp\/v2\/listing"}],"about":[{"href":"https:\/\/cparici.com\/fr\/wp-json\/wp\/v2\/types\/listing"}],"author":[{"embeddable":true,"href":"https:\/\/cparici.com\/fr\/wp-json\/wp\/v2\/users\/479"}],"replies":[{"embeddable":true,"href":"https:\/\/cparici.com\/fr\/wp-json\/wp\/v2\/comments?post=75062"}],"version-history":[{"count":1,"href":"https:\/\/cparici.com\/fr\/wp-json\/wp\/v2\/listing\/75062\/revisions"}],"predecessor-version":[{"id":82708,"href":"https:\/\/cparici.com\/fr\/wp-json\/wp\/v2\/listing\/75062\/revisions\/82708"}],"wp:featuredmedia":[{"embeddable":true,"href":"https:\/\/cparici.com\/fr\/wp-json\/wp\/v2\/media\/75056"}],"wp:attachment":[{"href":"https:\/\/cparici.com\/fr\/wp-json\/wp\/v2\/media?parent=75062"}],"wp:term":[{"taxonomy":"listing_category","embeddable":true,"href":"https:\/\/cparici.com\/fr\/wp-json\/wp\/v2\/listing_category?post=75062"},{"taxonomy":"event_category","embeddable":true,"href":"https:\/\/cparici.com\/fr\/wp-json\/wp\/v2\/event_category?post=75062"},{"taxonomy":"service_category","embeddable":true,"href":"https:\/\/cparici.com\/fr\/wp-json\/wp\/v2\/service_category?post=75062"},{"taxonomy":"rental_category","embeddable":true,"href":"https:\/\/cparici.com\/fr\/wp-json\/wp\/v2\/rental_category?post=75062"},{"taxonomy":"classifieds_category","embeddable":true,"href":"https:\/\/cparici.com\/fr\/wp-json\/wp\/v2\/classifieds_category?post=75062"},{"taxonomy":"listing_feature","embeddable":true,"href":"https:\/\/cparici.com\/fr\/wp-json\/wp\/v2\/listing_feature?post=75062"},{"taxonomy":"region","embeddable":true,"href":"https:\/\/cparici.com\/fr\/wp-json\/wp\/v2\/region?post=75062"}],"curies":[{"name":"wp","href":"https:\/\/api.w.org\/{rel}","templated":true}]}}

TY KERZONT , gîte de charme , entre mer et campagne, à 15 minutes de Perros-Guirec

<p>Amoureux de la nature, venez poser l’ancre à <strong>Kerzont</strong>, un lieu qui conjugue harmonie et sérénité.</p>
<p>Idéalement située à proximité de <strong>Perros-Guirec</strong> et à 10 kilomètres de la <strong>grande plage de Trestel</strong>, notre propriété, nichée dans un théâtre de verdure, accueille différents hébergements, dont : <strong>Ty Kerzont</strong>, gîte spacieux et lumineux.</p>
<p>Le rez-de-chaussée se décline en une grande pièce de vie avec cuisine aménagée, séjour, salon. À l’étage, vous trouverez un coin détente avec canapé et 2 chambres :</p>
<ol>
<li><em> avec lit de 160 </em></li>
<li><em>avec 3 lits individuels, dont deux peuvent être rassemblés pour former un lit double</em></li>
</ol>
<p>Pour des vacances en famille ou avec les amis, ce gîte labellisé <strong>3 clés Clévacances, capacité  5 personnes, offre ces atouts</strong>:</p>
<ul>
<li> deux salles de bain</li>
<li>une belle terrasse exposée plein sud avec barbecue</li>
<li>un vaste jardin et des cabanes- tonneaux , ouvertes l’été, offrant un refuge insolite pour les enfants</li>
<li>un espace salon de lecture , situé dans une annexe  , offrant de belles escapades littéraires . Jeux de société à disposition.</li>
<li>un parking</li>
</ul>
<p><strong>complétés de ces services</strong> :<br />
– Réception de votre commande de produits fermiers à l’arrivée (<em>option disponible pour les séjours d’une semaine, arrivée le samedi</em>).<br />
– Livraison de vélos via Les Vélos de la Baie (<em>frais de livraison : 40 €</em>)<br />
– Massage à domicile</p>
<p>Différents sites seront source d’enchantement   : les magnétiques rochers, des sculptures en plein air, jalonnant la côte de granit rose (de Perros-Guirec à Trébeurden), Ile de Bréhat, les Sept Iles, ….</p>
<p>Des moments d’émerveillement à chaque regard posé sur cette nature majestueuse. Un large éventail d’activités pour petits et grands, vous invite à profiter pleinement de la région : randonnées côtières , balades à vélo … Pour les fins gourmets, de belles adresses de crêperies, restaurants de cuisine traditionnelle ou restaurants étoilés, sauront ravir vos papilles.</p>
