{"id":84989,"date":"2026-03-26T11:41:58","date_gmt":"2026-03-26T10:41:58","guid":{"rendered":"https:\/\/cparici.com\/fr\/?post_type=listing&#038;p=84989"},"modified":"2026-03-26T13:46:50","modified_gmt":"2026-03-26T12:46:50","slug":"ty-noe-appartement-4-pers-concarneau","status":"publish","type":"listing","link":"https:\/\/cparici.com\/fr\/annonce\/ty-noe-appartement-4-pers-concarneau\/","title":{"rendered":"TY-NOE Appartement 4 Pers Concarneau"},"content":{"rendered":"<p>D\u00e9couvrez tout le plaisir d\u2019un s\u00e9jour en bord de mer \ud83c\udf0a dans ce tr\u00e8s bel appartement avec terrasse et jardin privatif, id\u00e9alement situ\u00e9 \u00e0 seulement quelques pas de la plage. Un v\u00e9ritable havre de paix pour se retrouver en famille et profiter pleinement de la douceur du littoral.<\/p>\n<p>\u00c0 seulement 2 minutes \u00e0 pied de la mer, vous b\u00e9n\u00e9ficiez d\u2019un emplacement privil\u00e9gi\u00e9 pour savourer chaque instant : balades en bord de plage, baignades ou moments de d\u00e9tente au soleil, le tout sans contrainte de stationnement.<\/p>\n<p>Spacieux, lumineux et parfaitement agenc\u00e9, l\u2019appartement peut accueillir jusqu\u2019\u00e0 4 personnes (id\u00e9alement 2 adultes et 2 enfants). Il offre un cadre chaleureux et confortable, pens\u00e9 pour des vacances en toute s\u00e9r\u00e9nit\u00e9.<\/p>\n<p>\u2728 Le logement se compose de :<br \/>\n\u2013 Une belle pi\u00e8ce de vie lumineuse, conviviale et agr\u00e9able \u00e0 vivre<br \/>\n\u2013 Deux chambres confortables (une avec lit double, une avec deux lits simples)<br \/>\n\u2013 Une salle d\u2019eau fonctionnelle avec double vasque<br \/>\n\u2013 Une terrasse am\u00e9nag\u00e9e, parfaite pour vos repas en ext\u00e9rieur \ud83c\udf7d\ufe0f<br \/>\n\u2013 Un jardin privatif, id\u00e9al pour profiter des beaux jours en toute tranquillit\u00e9 \ud83c\udf3f<\/p>\n<p>\ud83d\ude97 Une place de stationnement privative et s\u00e9curis\u00e9e est \u00e0 votre disposition pour un s\u00e9jour sans souci.<br \/>\n\ud83c\udf19 Situ\u00e9 dans un environnement calme, le logement est parfait pour se ressourcer au rythme des vagues.<\/p>\n<p>\u2728 Entre mer, d\u00e9tente et espace ext\u00e9rieur privil\u00e9gi\u00e9, cet appartement est une invitation \u00e0 des vacances paisibles et conviviales.<\/p>\n<p>Au plaisir de vous accueillir tr\u00e8s bient\u00f4t pour un s\u00e9jour inoubliable au bord de l\u2019oc\u00e9an.<\/p>\n","protected":false},"author":101,"featured_media":84981,"comment_status":"open","ping_status":"closed","template":"","meta":{"ngg_post_thumbnail":0},"listing_category":[1661],"event_category":[],"service_category":[],"rental_category":[1684],"classifieds_category":[],"listing_feature":[1954,1607,1645,1621,1867,1858,1862,1627,1613,1617],"region":[1741,2418,1742,2764],"class_list":["post-84989","listing","type-listing","status-publish","has-post-thumbnail","hentry","listing_category-hebergements","rental_category-appartement","listing_feature-accessible-personnes-a-mobilite-reduite-fr","listing_feature-adapte-aux-enfants","listing_feature-cafetiere-nespresso","listing_feature-four","listing_feature-lave-linge","listing_feature-lave-vaisselle","listing_feature-micro-ondes","listing_feature-non-fumeur","listing_feature-parking-gratuit","listing_feature-plage-a-proximite","region-bretagne","region-concarneau","region-finistere","region-finistere-sud"],"_links":{"self":[{"href":"https:\/\/cparici.com\/fr\/wp-json\/wp\/v2\/listing\/84989","targetHints":{"allow":["GET"]}}],"collection":[{"href":"https:\/\/cparici.com\/fr\/wp-json\/wp\/v2\/listing"}],"about":[{"href":"https:\/\/cparici.com\/fr\/wp-json\/wp\/v2\/types\/listing"}],"author":[{"embeddable":true,"href":"https:\/\/cparici.com\/fr\/wp-json\/wp\/v2\/users\/101"}],"replies":[{"embeddable":true,"href":"https:\/\/cparici.com\/fr\/wp-json\/wp\/v2\/comments?post=84989"}],"version-history":[{"count":1,"href":"https:\/\/cparici.com\/fr\/wp-json\/wp\/v2\/listing\/84989\/revisions"}],"predecessor-version":[{"id":84991,"href":"https:\/\/cparici.com\/fr\/wp-json\/wp\/v2\/listing\/84989\/revisions\/84991"}],"wp:featuredmedia":[{"embeddable":true,"href":"https:\/\/cparici.com\/fr\/wp-json\/wp\/v2\/media\/84981"}],"wp:attachment":[{"href":"https:\/\/cparici.com\/fr\/wp-json\/wp\/v2\/media?parent=84989"}],"wp:term":[{"taxonomy":"listing_category","embeddable":true,"href":"https:\/\/cparici.com\/fr\/wp-json\/wp\/v2\/listing_category?post=84989"},{"taxonomy":"event_category","embeddable":true,"href":"https:\/\/cparici.com\/fr\/wp-json\/wp\/v2\/event_category?post=84989"},{"taxonomy":"service_category","embeddable":true,"href":"https:\/\/cparici.com\/fr\/wp-json\/wp\/v2\/service_category?post=84989"},{"taxonomy":"rental_category","embeddable":true,"href":"https:\/\/cparici.com\/fr\/wp-json\/wp\/v2\/rental_category?post=84989"},{"taxonomy":"classifieds_category","embeddable":true,"href":"https:\/\/cparici.com\/fr\/wp-json\/wp\/v2\/classifieds_category?post=84989"},{"taxonomy":"listing_feature","embeddable":true,"href":"https:\/\/cparici.com\/fr\/wp-json\/wp\/v2\/listing_feature?post=84989"},{"taxonomy":"region","embeddable":true,"href":"https:\/\/cparici.com\/fr\/wp-json\/wp\/v2\/region?post=84989"}],"curies":[{"name":"wp","href":"https:\/\/api.w.org\/{rel}","templated":true}]}}

<p>Découvrez tout le plaisir d’un séjour en bord de mer 🌊 dans ce très bel appartement avec terrasse et jardin privatif, idéalement situé à seulement quelques pas de la plage. Un véritable havre de paix pour se retrouver en famille et profiter pleinement de la douceur du littoral.</p>
<p>À seulement 2 minutes à pied de la mer, vous bénéficiez d’un emplacement privilégié pour savourer chaque instant : balades en bord de plage, baignades ou moments de détente au soleil, le tout sans contrainte de stationnement.</p>
<p>Spacieux, lumineux et parfaitement agencé, l’appartement peut accueillir jusqu’à 4 personnes (idéalement 2 adultes et 2 enfants). Il offre un cadre chaleureux et confortable, pensé pour des vacances en toute sérénité.</p>
<p>✨ Le logement se compose de :<br />
– Une belle pièce de vie lumineuse, conviviale et agréable à vivre<br />
– Deux chambres confortables (une avec lit double, une avec deux lits simples)<br />
– Une salle d’eau fonctionnelle avec double vasque<br />
– Une terrasse aménagée, parfaite pour vos repas en extérieur 🍽️<br />
– Un jardin privatif, idéal pour profiter des beaux jours en toute tranquillité 🌿</p>
<p>🚗 Une place de stationnement privative et sécurisée est à votre disposition pour un séjour sans souci.<br />
🌙 Situé dans un environnement calme, le logement est parfait pour se ressourcer au rythme des vagues.</p>
<p>✨ Entre mer, détente et espace extérieur privilégié, cet appartement est une invitation à des vacances paisibles et conviviales.</p>
<p>Au plaisir de vous accueillir très bientôt pour un séjour inoubliable au bord de l’océan.</p>
